e factors of 39111335?
5, 41, 190787
List the prime factors of 29968578.
2, 3, 59, 28219
What are the prime factors of 713851936?
2, 7, 29, 109891
List the prime factors of 52212846.
2, 3, 7, 37, 33599
List the prime factors of 72143157.
3, 23, 103, 10151
What are the prime factors of 172081166?
2, 139, 618997
List the prime factors of 347326055.
5, 69465211
List the prime factors of 638921031.
3, 7, 1381, 22031
List the prime factors of 146910001.
7, 20987143
List the prime factors of 154862713.
61, 2538733
What are the prime factors of 955195106?
2, 23, 383, 54217
List the prime factors of 73633790.
2, 5, 131, 56209
List the prime factors of 2121827590.
2, 5, 212182759
What are the prime factors of 48164221?
7, 19, 362137
What are the prime factors of 102840327?
3, 17, 61, 3673
What are the prime factors of 380694268?
2, 67, 1420501
List the prime factors of 424311409.
601, 706009
List the prime factors of 2987648246.
2, 11, 83, 311, 5261
What are the prime factors of 27147320?
2, 5, 31, 21893
What are the prime factors of 213874223?
71, 127, 23719
What are the prime factors of 577256124?
2, 3, 3917, 12281
List the prime factors of 32344374.
2, 3, 617, 8737
What are the prime factors of 76272597?
3, 313879
List the prime factors of 67225724.
2, 19, 173, 5113
List the prime factors of 1615902124.
2, 403975531
List the prime factors of 1638389354.
2, 7, 43, 2721577
List the prime factors of 235848858.
2, 3, 7, 114601
List the prime factors of 728467506.
2, 3, 13, 191, 1811
List the prime factors of 958319493.
3, 479, 666889
What are the prime factors of 27665377?
27665377
List the prime factors of 247011686.
2, 3049, 40507
List the prime factors of 14268052.
2, 67, 53239
List the prime factors of 3165425474.
2, 1582712737
What are the prime factors of 127263063?
3, 42421021
What are the prime factors of 61766085?
3, 5, 29, 141991
What are the prime factors of 482279016?
2, 3, 37, 379, 1433
What are the prime factors of 185698767?
3, 89, 449, 1549
List the prime factors of 1509474323.
7, 19, 11349431
List the prime factors of 259935704.
2, 7, 4641709
List the prime factors of 3402158255.
5, 3547, 191833
What are the prime factors of 108862577?
17, 6403681
List the prime factors of 46670302.
2, 7, 3333593
List the prime factors of 35336184.
2, 3, 13, 37, 3061
List the prime factors of 20614731.
3, 97, 70841
What are the prime factors of 1784477431?
11, 1549, 104729
What are the prime factors of 379559028?
2, 3, 47, 672977
What are the prime factors of 20363850?
2, 3, 5, 13, 59
List the prime factors of 712370557.
103, 691, 10009
What are the prime factors of 8202638?
2, 4101319
List the prime factors of 457108110.
2, 3, 5, 379, 1489
What are the prime factors of 42943773?
3, 31, 409, 1129
What are the prime factors of 14614499?
23, 635413
List the prime factors of 26228439.
3, 877, 3323
List the prime factors of 4934183862.
2, 3, 173, 4753549
List the prime factors of 6480013941.
3, 1913, 376373
List the prime factors of 1725409149.
3, 3793, 151631
List the prime factors of 5691878529.
3, 1171, 1620233
List the prime factors of 409403653.
2099, 195047
List the prime factors of 38831651.
38831651
What are the prime factors of 141013677?
3, 7, 47, 142871
What are the prime factors of 23483994?
2, 3, 317, 12347
What are the prime factors of 5995081608?
2, 3, 29, 8613623
List the prime factors of 17207083.
17207083
What are the prime factors of 981671568?
2, 3, 37, 14939
List the prime factors of 507575495.
5, 7, 14502157
List the prime factors of 341469809.
29, 11774821
What are the prime factors of 108750096?
2, 3, 7, 13, 43, 193
List the prime factors of 1223903724.
2, 3, 83, 173, 7103
What are the prime factors of 1752684438?
2, 3, 1129, 258737
List the prime factors of 445493137.
109, 4087093
List the prime factors of 26423007.
3, 13, 73, 9281
What are the prime factors of 643897475?
5, 13, 337, 5879
List the prime factors of 362402898.
2, 3, 11, 13, 59, 7159
What are the prime factors of 50204633?
89, 564097
List the prime factors of 6302146787.
467, 13494961
What are the prime factors of 2210692441?
2210692441
What are the prime factors of 1637625994?
2, 37, 22130081
What are the prime factors of 11227660?
2, 5, 61, 9203
What are the prime factors of 71972392?
2, 8996549
What are the prime factors of 1049359?
17, 3631
What are the prime factors of 16472029?
7, 29, 53, 1531
List the prime factors of 4333800107.
7, 13, 29, 43, 181, 211
What are the prime factors of 1041761?
7, 43, 3461
What are the prime factors of 41748821?
17, 557, 4409
What are the prime factors of 107957239?
13, 23, 127, 2843
What are the prime factors of 152237844?
2, 3, 11, 34949
List the prime factors of 1355352026.
2, 7, 139, 696481
List the prime factors of 795610376.
2, 11, 9041027
List the prime factors of 591250074.
2, 3, 331, 463, 643
List the prime factors of 1085020.
2, 5, 54251
What are the prime factors of 4219113007?
61, 69165787
What are the prime factors of 2344845403?
2344845403
List the prime factors of 38669266.
2, 613, 31541
List the prime factors of 1450750260.
2, 3, 5, 3019, 8009
What are the prime factors of 66467523?
3, 22155841
List the prime factors of 241837430.
2, 5, 101, 149, 1607
List the prime factors of 27205917.
3, 9068639
List the prime factors of 3439690.
2, 5, 29, 409
What are the prime factors of 5969791321?
13, 67, 139, 3793
List the prime factors of 6799498983.
3, 331, 2282477
List the prime factors of 8145716395.
5, 31, 43, 421, 2903
List the prime factors of 580604171.
7, 82943453
List the prime factors of 4264082200.
2, 5, 7, 3045773
List the prime factors of 233012441.
113, 2062057
What are the prime factors of 1758751073?
1758751073
List the prime factors of 32415911.
11, 2946901
List the prime factors of 119878838.
2, 59939419
List the prime factors of 40221984.
2, 3, 11, 41, 929
List the prime factors of 7553916.
2, 3, 17, 12343
List the prime factors of 43605343.
1193, 36551
What are the prime factors of 84821797?
31, 37, 73951
List the prime factors of 2179786.
2, 7, 155699
What are the prime factors of 9859721?
41, 101, 2381
What are the prime factors of 395857737?
3, 11, 103, 38821
What are the prime factors of 64087019?
19, 3373001
What are the prime factors of 21921005?
5, 383, 11447
List the prime factors of 33806803.
23, 63907
What are the prime factors of 260664967?
937, 278191
List the prime factors of 39330682.
2, 19665341
What are the prime factors of 200249619?
3, 66749873
List the prime factors of 1178366597.
293, 353, 11393
List the prime factors of 53931691.
11, 1061, 4621
What are the prime factors of 1303389274?
2, 11, 59244967
What are the prime factors of 65887182?
2, 3, 317, 1283
List the prime factors of 1348857133.
13, 103758241
What are the prime factors of 793022046?
2, 3, 457, 289213
List the prime factors of 119639598.
2, 3, 13, 1533841
List the prime factors of 248779562.
2, 53, 2346977
What are the prime factors of 60735876?
2, 3, 5061323
What are the prime factors of 1949442547?
13, 17, 47, 14437
What are the prime factors of 601980125?
5, 1549, 3109
What are the prime factors of 49464017?
571, 86627
List the prime factors of 1126796168.
2, 140849521
What are the prime factors of 40118663?
13, 61, 50591
What are the prime factors of 90111761?
31, 37, 251, 313
What are the prime factors of 6671649395?
5, 1334329879
What are the prime factors of 10940564?
2, 67, 40823
List the prime factors of 2850561152.
2, 22270009
List the prime factors of 61601887.
29, 61, 97, 359
What are the prime factors of 108700128?
2, 3, 571, 661
List the prime factors of 4680294991.
53987, 86693
What are the prime factors of 608224?
2, 83, 229
List the prime factors of 58553871.
3, 29, 149, 4517
What are the prime factors of 41906267?
13, 19, 169661
What are the prime factors of 72852304?
2, 7, 257, 2531
List the prime factors of 3141222486.
2, 3, 523537081
List the prime factors of 197992625.
5, 17, 23, 4051
List the prime factors of 210048045.
3, 5, 14003203
What are the prime factors of 123356548?
2, 7, 4405591
What are the prime factors of 838645546?
2, 113, 3710821
List the prime factors of 6129510.
2, 3, 5, 59, 3463
What are the prime factors of 1922305233?
3, 640768411
List the prime factors of 517151101.
17, 19